{"id":74,"date":"2022-02-12T11:58:05","date_gmt":"2022-02-12T11:58:05","guid":{"rendered":"https:\/\/taxibuzau.ro\/about\/"},"modified":"2025-07-13T04:00:09","modified_gmt":"2025-07-13T04:00:09","slug":"despre","status":"publish","type":"page","link":"https:\/\/taxibuzau.ro\/?page_id=74","title":{"rendered":"Despre"},"content":{"rendered":"\n\n\n\r\n<h6>About Us<\/h6>\r\n\n\n\n\n\n\n\n\n\r\n<p><br \/>Din anul 2000, la Taxi Buzau, asiguram conexiuni sigure intre oameni si destinatiile lor. Astazi, ne concentram eforturile pentru a ne transforma in cea mai eficienta companie de transport. Experienta pe care o avem in transportul autorizat de persoane ne da curaj si incredere in ceea ce facem.<\/p>\r\n\n\r\n<p>Serviciu de Taximetrie in Buzau<\/p>\r\n\n\r\n<p>Marius Dumitru<\/p>\r\n\n\n\n\n\n\n\n\r\n<p>La aceste numere se preiau comenzi 0040767743799 sau 0040786300368<br \/>Pentru comenzi taxi, verificati numerele de telefon de pe prima pagina a site-ului.<\/p>\r\n\n\n\n\n\n\n\r\n<p>serviciu taxi in Buzau<\/p>\r\n\n\n\n\r\n<p>Pentru \u00eembun\u0103t\u0103\u0163irea calit\u0103\u0163ii serviciilor nu ezita\u0163i s\u0103 ne contacta\u0163i cu orice sugestii sau reclama\u0163ii la numerele \u015fi adresa specificate \u00een pagina de contact. V\u0103 mul\u0163umim pentru c\u0103 sunte\u0163i al\u0103turi de noi!<\/p>\r\n\n\n\n\n\n\n\n\r\n<h6>Tarfe Taxi<\/h6>\r\n\n\n\r\n<p>Tarife Taxi standard Buzau 3ron\/km\/3ron pornirea\/tarife de zi\/3.5ron\/km\/3.5ron pornirea\/tarife noapte<\/p>\r\n\n\n\n\n\r\n<p>&nbsp;<\/p>\r\n\n\n\n\n\n\n\n\n\n\n\n\n\r\n<h6>Testimonial<\/h6>\r\n\n\n\r\n<p>Datorit\u0103 dinamicii pie\u0163ei din ultimii ani \u015fi a concuren\u0163ei din ce \u00een ce mai mare, compania a considerat c\u0103 trebuie s\u0103 fac\u0103 un pas important, astfel, \u00een anul 2013 am pornit cu o nou\u0103 conducere \u015fi imagine sub acela\u015fi brand, deservind astfel cererile din ce \u00een ce mai numeroase ale clien\u0163ilor.<\/p>\r\n\n\n\n\n\r\n<p>Va ducem la destinatie oriunde in Lume cu soferii nostri profesionisti si masinile noastre performante<\/p>\r\n\n\n\r\n<h6>Sofer Taxi<\/h6>\r\n\n\n\n\n\n","protected":false},"excerpt":{"rendered":"","protected":false},"author":10,"featured_media":107,"parent":66,"menu_order":0,"comment_status":"closed","ping_status":"closed","template":"","meta":{"footnotes":""},"class_list":["post-74","page","type-page","status-publish","has-post-thumbnail","hentry"],"_links":{"self":[{"href":"https:\/\/taxibuzau.ro\/index.php?rest_route=\/wp\/v2\/pages\/74","targetHints":{"allow":["GET"]}}],"collection":[{"href":"https:\/\/taxibuzau.ro\/index.php?rest_route=\/wp\/v2\/pages"}],"about":[{"href":"https:\/\/taxibuzau.ro\/index.php?rest_route=\/wp\/v2\/types\/page"}],"author":[{"embeddable":true,"href":"https:\/\/taxibuzau.ro\/index.php?rest_route=\/wp\/v2\/users\/10"}],"replies":[{"embeddable":true,"href":"https:\/\/taxibuzau.ro\/index.php?rest_route=%2Fwp%2Fv2%2Fcomments&post=74"}],"version-history":[{"count":12,"href":"https:\/\/taxibuzau.ro\/index.php?rest_route=\/wp\/v2\/pages\/74\/revisions"}],"predecessor-version":[{"id":1692,"href":"https:\/\/taxibuzau.ro\/index.php?rest_route=\/wp\/v2\/pages\/74\/revisions\/1692"}],"up":[{"embeddable":true,"href":"https:\/\/taxibuzau.ro\/index.php?rest_route=\/wp\/v2\/pages\/66"}],"wp:featuredmedia":[{"embeddable":true,"href":"https:\/\/taxibuzau.ro\/index.php?rest_route=\/wp\/v2\/media\/107"}],"wp:attachment":[{"href":"https:\/\/taxibuzau.ro\/index.php?rest_route=%2Fwp%2Fv2%2Fmedia&parent=74"}],"curies":[{"name":"wp","href":"https:\/\/api.w.org\/{rel}","templated":true}]}}